se 14?
1
2 (base 9) to base 15
2
What is -1021 (base 3) in base 12?
-2a
-233 (base 4) to base 11
-43
What is 10120 (base 4) in base 8?
430
What is 15 (base 14) in base 11?
18
49 (base 13) to base 3
2021
What is 165 (base 14) in base 3?
101120
What is 34 (base 6) in base 9?
24
Convert 1 (base 15) to base 8.
1
Convert 5 (base 6) to base 10.
5
1 (base 3) to base 11
1
Convert -8 (base 9) to base 12.
-8
Convert -244 (base 7) to base 14.
-94
What is -320 (base 4) in base 10?
-56
What is 4 (base 11) in base 12?
4
-8 (base 11) to base 3
-22
What is 40 (base 8) in base 6?
52
Convert -4 (base 12) to base 9.
-4
What is -1 (base 15) in base 16?
-1
Convert -3 (base 8) to base 15.
-3
21 (base 7) to base 12
13
What is -10 (base 10) in base 13?
-a
What is -3 (base 5) in base 11?
-3
-2 (base 13) to base 12
-2
-6 (base 16) to base 3
-20
What is -2 (base 7) in base 4?
-2
Convert -a (base 11) to base 9.
-11
What is -2302 (base 4) in base 5?
-1203
What is -2 (base 12) in base 6?
-2
Convert -1524 (base 6) to base 8.
-634
Convert 5 (base 7) to base 15.
5
Convert -30 (base 16) to base 11.
-44
What is -48 (base 12) in base 11?
-51
12 (base 10) to base 12
10
What is -bc (base 13) in base 9?
-182
-99 (base 15) to base 5
-1034
What is 2 (base 5) in base 11?
2
What is 10 (base 12) in base 6?
20
Convert 4 (base 16) to base 12.
4
What is -3 (base 14) in base 11?
-3
-82 (base 15) to base 16
-7a
4 (base 15) to base 6
4
-8 (base 13) to base 14
-8
What is -132 (base 4) in base 10?
-30
What is -87 (base 10) in base 16?
-57
-32 (base 8) to base 5
-101
-5 (base 9) to base 6
-5
1010100 (base 2) to base 14
60
What is -111 (base 2) in base 3?
-21
What is 2 (base 11) in base 3?
2
20111 (base 3) to base 10
175
Convert 3 (base 12) to base 10.
3
-4 (base 5) to base 11
-4
Convert 10 (base 2) to base 15.
2
What is 1 (base 7) in base 16?
1
Convert 4 (base 8) to base 4.
10
Convert -19 (base 15) to base 14.
-1a
What is -101 (base 3) in base 13?
-a
33 (base 12) to base 16
27
What is 20 (base 13) in base 8?
32
3 (base 8) to base 4
3
37 (base 11) to base 6
104
What is -1 (base 9) in base 5?
-1
11 (base 5) to base 15
6
Convert 7 (base 9) to base 7.
10
21 (base 8) to base 2
10001
-4 (base 9) to base 8
-4
What is 24 (base 13) in base 14?
22
What is -34 (base 5) in base 16?
-13
Convert 1020 (base 3) to base 2.
100001
Convert -1101 (base 2) to base 8.
-15
-45 (base 9) to base 12
-35
Convert 0 (base 6) to base 13.
0
What is 4b (base 15) in base 10?
71
What is 22100 (base 3) in base 10?
225
-17a (base 15) to base 13
-202
Convert -13 (base 10) to base 9.
-14
What is -2 (base 15) in base 5?
-2
Convert -132 (base 7) to base 16.
-48
Convert 30 (base 11) to base 15.
23
What is 2 (base 6) in base 9?
2
Convert 230 (base 10) to base 15.
105
Convert -6 (base 15) to base 9.
-6
Convert -4 (base 16) to base 11.
-4
Convert -45 (base 13) to base 4.
-321
Convert 3 (base 14) to base 9.
3
-30 (base 4) to base 10
-12
What is 51 (base 10) in base 7?
102
Convert -13 (base 15) to base 14.
-14
Convert -1 (base 3) to base 7.
-1
Convert 13 (base 9) to base 10.
12
144 (base 13) to base 7
441
What is -111 (base 3) in base 4?
-31
What is 1 (base 7) in base 13?
1
Convert 47 (base 16) to base 12.
5b
What is -21 (base 6) in base 8?
-15
What is -172 (base 11) in base 8?
-310
103 (base 12) to base 3
12110
Convert 100 (base 6) to base 13.
2a
Convert -5 (base 12) to base 4.
-11
-96 (base 10) to base 9
-116
Convert a (base 12) to base 16.
a
What is 4 (base 7) in base 3?
11
-12 (base 6) to base 16
-8
What is -110 (base 3) in base 11?
-11
Convert d8 (base 14) to base 3.
21001
152 (base 12) to base 2
11001110
2 (base 11) to base 6
2
What is 655 (base 7) in base 8?
516
Convert 8 (base 15) to base 5.
13
What is 1 (base 14) in base 13?
1
Convert -29 (base 12) to base 9.
-36
What is 9 (base 10) in base 6?
13
10 (base 4) to base 7
4
What is -1 (base 14) in base 15?
-1
What is 5 (base 14) in base 9?
5
Convert 2 (base 8) to base 11.
2
12 (base 13) to base 15
10
What is -1 (base 5) in base 8?
-1
What is 62 (base 15) in base 7?
161
-20 (base 15) to base 12
-26
1 (base 6) to base 11
1
Convert 10 (base 15) to base 9.
16
What is -120 (base 4) in base 13?
-1b
What is -16 (base 15) in base 4?
-111
What is -3a (base 11) in base 2?
-101011
Convert 404 (base 7) to base 16.
c8
-3 (base 7) to base 2
-11
Convert 1 (base 5) to base 12.
1
6 (base 13) to base 15
6
What is -2c (base 14) in base 2?
-101000
9e (base 16) to base 7
314
What is 3 (base 12) in base 9?
3
Convert a0 (base 11) to base 16.
6e
What is 8 (base 12) in base 11?
8
What is 1 (base 11) in base 3?
1
Convert 102 (base 8) to base 13.
51
What is -4 (base 16) in base 3?
-11
What is d5 (base 16) in base 11?
184
Convert -1 (base 15) to base 4.
-1
What is -11 (base 10) in base 13?
-b
1 (base 12) to base 13
1
Convert 113 (base 13) to base 15.
c5
-3 (base 6) to base 11
-3
Convert 39 (base 15) to base 11.
4a
What is -3202 (base 4) in base 10?
-226
Convert 17 (base 13) to base 4.
110
Convert -287 (base 9) to base 6.
-1041
What is 11 (base 6) in base 15?
7
What is -16 (base 10) in base 9?
-17
What is -4 (base 7) in base 11?
-4
-15 (base 14) to base 11
-18
Convert -16 (base 10) to base 15.
-11
-bb (base 15) to base 6
-452
What is -1210 (base 3) in base 11?
-44
Convert 300 (base 4) to base 10.
48
-120 (base 4) to base 9
-26
Convert 16 (base 10) to base 4.
100
What is -10 (base 4) in base 12?
-4
-25 (base 10) to base 13
-1c
Convert -12 (base 4) to base 16.
-6
6 (base 14) to base 10
6
-1 (base 3) to base 2
-1
Convert -2 (base 15) to base 5.
-2
Convert 3 (base 14) to base 4.
3
10011100 (base 2) to base 16
9c
-111 (base 5) to base 16
-1f
-101 (base 9) to base 4
-1102
Convert -41 (base 5) to base 13.
-18
Convert -47 (base 14) to base 5.
-223
What is 51 (base 6) in base 3?
1011
204 (base 6) to base 8
114
-111 (base 2) to base 7
-10
Convert -4 (base 11) to base 16.
-4
Convert 113 (base 5) to base 2.
100001
Convert 18 (base 9) to base 14.
13
-100 (base 3) to base 5
-14
Convert 1 (base 13) to base 5.
1
Convert -11010 (base 2) to base 15.
-1b
Convert 117 (base 11) to base 16.
8b
58 (base 9) to base 15
38
What is 6b (base 12) in base 6?
215
11 (base 15) to base 9
17
Convert 2 (base 12) to base 6.
2
Convert -1 (base 14) to base 8.
-1
5 (base 9) to base 6
5
Convert -60 (base 10) to base 3.
-2020
What is -3 (base 9) in base 8?
-3
What is 2201 (base 3) in base 8?
111
Convert 21001 (base 3) to base 15.
ca
Convert 0 (base 2) to base 16.
0
-2b (base 13) to base 11
-34
b5 (base 16) to base 15
c1
What is 32 (base 10) in base 12?
28
Convert -64 (base 12) to base 10.
-76
-60 (base 9) to base 13
-42
What is 3a (base 15) in base 10?
55
Convert 10 (base 5) to base 7.
5
What is 1223 (base 4) in base 5?
412
Convert -19 (base 13) to base 4.
-112
Convert 142 (base 14) to base 4.
3332
What is -29 (base 12) in base 7?
-45
2 (base 3) to base 15
2
Convert 202 (base 5) to base 15.
37
What is 1110101 (base 2) in base 6?
313
What is -1 (base 13) in base 10?
-1
What is -2 (base 13) in base 16?
-2
-12 (base 3) to base 7
-5
What is -20120 (base 3) in base 16?
-b1
What is -1101011 (base 2) in base 12?
-8b
Convert 6 (base 12) to base 8.
6
Convert 227 (base 9) to base 13.
115
-1 (base 3) to base 2
-1
What is 1021 (base 4) in base 15?
4d
-38 (base 12) to base 7
-62
Convert -b (base 12) to base 11.
-10
-110 (base 2) to base 14
-6
Convert c (base 13) to base 2.
1100
What is -111 (base 4) in base 6?
-33
165 (base 9) to base 13
aa
92 (base 10) to base 15
62
-11011 (base 2) to base 3
-1000
40 (base 6) to base 15
19
21 (base 6) to base 15
d
-111 (base 2) to base 9
-7
What is 2100 (base 3) in base 10?
63
What is aa (base 13) in base 15?
95
Convert 2 (base 5) to base 9.
2
Convert 63 (base 12) to base 3.
2210
Convert 0 (base 8) to base 15.
0
-113 (base 10) to base 5
-423
What is -250 (base 6) in base 13?
-7b
Convert -38 (base 15) to base 11.
-49
40 (base 13) to base 8
64
-1100100 (base 2) to base 9
-121
-11 (base 2) to base 11
-3
What is -331 (base 5) in base 9?
-111
Convert -85 (base 9) to base 6.
-205
What is -13 (base 7) in base 10?
-10
Convert 3 (base 4) to base 11.
3
-24 (base 13) to base 8
-36
Convert -3 (base 6) to base 9.
-3
3 (base 10) to base 11
3
What is 40 (base 5) in base 2?
10100
What is -222 (base 5) in base 2?
-111110
What is 7 (base 11) in 